base 15, what is 3 + -4?
-1
In base 10, what is -248 + -5?
-253
In base 7, what is -4 - 350?
-354
In base 16, what is 195 + 2?
197
In base 13, what is 2 + 5?
7
In base 2, what is 0 - -11001100100?
11001100100
In base 2, what is -100001110001 - 0?
-100001110001
In base 16, what is -7a + -7?
-81
In base 13, what is -3 - 94?
-97
In base 4, what is -11123 + 10?
-11113
In base 3, what is 20 - 1110?
-1020
In base 13, what is 0 + 3c?
3c
In base 15, what is 122 + 3?
125
In base 9, what is -51 + 2?
-48
In base 11, what is 1a + -6?
14
In base 4, what is 303 - -2?
311
In base 7, what is -5 + 415?
410
In base 4, what is 2 + 3121?
3123
In base 14, what is 214 + a?
220
In base 10, what is 3709 - -4?
3713
In base 16, what is 3 - 503?
-500
In base 14, what is -1ca - 3?
-1cd
In base 4, what is 20 + 12?
32
In base 14, what is -5 + -b?
-12
In base 13, what is -3 - ba5?
-ba8
In base 15, what is c - 19?
-c
In base 15, what is 5 - -1178?
117d
In base 2, what is 101 + -101101100?
-101100111
In base 15, what is 50 + 83?
d3
In base 15, what is -58 + 12?
-46
In base 2, what is -1 + -1001000000010?
-1001000000011
In base 9, what is 66226 + 2?
66228
In base 9, what is 5430 - -4?
5434
In base 14, what is 9 + 1b?
26
In base 3, what is -112202000 - 10?
-112202010
In base 13, what is -60a - 1?
-60b
In base 11, what is -696 - 1?
-697
In base 9, what is 0 + -53?
-53
In base 7, what is 2525 + 1?
2526
In base 15, what is 1d - 40?
-22
In base 8, what is 3 + -766?
-763
In base 8, what is -3 - 1127?
-1132
In base 6, what is -20 + 50?
30
In base 5, what is 12442 - -1?
12443
In base 9, what is -4 - -7?
3
In base 9, what is -8672 + -1?
-8673
In base 6, what is -25 + -2?
-31
In base 9, what is -88 - 1?
-100
In base 11, what is -166 + -3?
-169
In base 14, what is -36 + 1?
-35
In base 16, what is -700 - -3?
-6fd
In base 7, what is -1 - 4?
-5
In base 4, what is 3002 - 11?
2331
In base 13, what is 62c + -12?
61a
In base 3, what is -11 + 1?
-10
In base 8, what is -235 - 5?
-242
In base 13, what is 3 + -275?
-272
In base 16, what is -f + 10?
1
In base 4, what is 0 - -20213?
20213
In base 13, what is -55 - 4?
-59
In base 12, what is -536 + -1?
-537
In base 11, what is 1 + -187?
-186
In base 10, what is -1 - -6?
5
In base 2, what is -1 + 10001110?
10001101
In base 8, what is 350 + -157?
171
In base 10, what is -164 - -3?
-161
In base 11, what is -7 + 0?
-7
In base 8, what is 210 + 13?
223
In base 12, what is -436 + 4?
-432
In base 7, what is 53 - -463?
546
In base 15, what is -6 - -14a?
144
In base 11, what is -10 - 820?
-830
In base 13, what is -4 - 1a?
-21
In base 4, what is -2030 - -1003?
-1021
In base 9, what is -34 + 0?
-34
In base 10, what is -4 + 63?
59
In base 15, what is -142 + 3?
-13e
In base 12, what is -5 + 10?
7
In base 15, what is -9c + 20?
-7c
In base 9, what is -412 - 2?
-414
In base 3, what is 120 + 0?
120
In base 11, what is -1825 + -2?
-1827
In base 11, what is -170a + -1?
-1710
In base 3, what is 12 - 1211?
-1122
In base 7, what is -5 - -534?
526
In base 2, what is 0 + 10100001?
10100001
In base 7, what is 0 - 433?
-433
In base 11, what is -37 - -45?
9
In base 7, what is -150 - -16?
-131
In base 16, what is -4 + 1346?
1342
In base 16, what is 7 + 18?
1f
In base 15, what is 1cc + 4?
1d1
In base 9, what is -4 + -4?
-8
In base 9, what is 4 - -56?
61
In base 2, what is -1011 - -100111011?
100110000
In base 5, what is 33324 - 13?
33311
In base 11, what is -2 - 154?
-156
In base 2, what is -11 + 1010110001111?
1010110001100
In base 10, what is -845 - -13?
-832
In base 12, what is -2 - -1a14?
1a12
In base 3, what is 10000 - 111?
2112
In base 8, what is 15 + 131?
146
In base 15, what is 1 + -3?
-2
In base 10, what is 8 + 50?
58
In base 3, what is 22 + -1202?
-1110
In base 9, what is 258 + 50?
318
In base 15, what is 5 - c5?
-c0
In base 3, what is 10 + -12?
-2
In base 6, what is 2 + -2443?
-2441
In base 6, what is 1 - -3240?
3241
In base 5, what is 2 + 24?
31
In base 9, what is 13 - 4?
8
In base 2, what is -101101100001110 - -100?
-101101100001010
In base 2, what is -1 + -111100011?
-111100100
In base 4, what is -12300 - -10?
-12230
In base 5, what is -12423 + 10?
-12413
In base 11, what is 64 - -2?
66
In base 10, what is -493 + 11?
-482
In base 4, what is -23 + -103020?
-103103
In base 15, what is -47 - -b?
-3b
In base 14, what is 476 + 5?
47b
In base 6, what is -4143 + 10?
-4133
In base 10, what is -778 + -5?
-783
In base 2, what is -10 - -1110111?
1110101
In base 8, what is 20003 + 2?
20005
In base 2, what is 10010 + 1001?
11011
In base 4, what is 1 - 20212?
-20211
In base 11, what is -111 - -4?
-108
In base 15, what is 4e + 2?
51
In base 7, what is -4016 - -1?
-4015
In base 11, what is -15 - 7a?
-94
In base 7, what is 450 + -5?
442
In base 9, what is 5 + 21?
26
In base 8, what is -13010 - -3?
-13005
In base 5, what is 0 - 12?
-12
In base 15, what is -59 - 1?
-5a
In base 15, what is -3 - 27?
-2a
In base 14, what is -13 + -8c?
-a1
In base 11, what is -47 + 2?
-45
In base 9, what is 5 - -2544?
2550
In base 10, what is -4 + 32?
28
In base 11, what is 4 + -51?
-48
In base 15, what is -d + e?
1
In base 10, what is -9 - 186?
-195
In base 4, what is -110010 - 2?
-110012
In base 7, what is -3 - -14121?
14115
In base 9, what is 3 - 4414?
-4411
In base 14, what is -16 - -c?
-8
In base 8, what is 141 - -5?
146
In base 15, what is 53 - -5?
58
In base 4, what is 2 - 20?
-12
In base 4, what is 20 - 1300?
-1220
In base 14, what is -4 - 38?
-3c
In base 14, what is -9 + -5?
-10
In base 5, what is 11 + -230020?
-230004
In base 16, what is 6 - 22?
-1c
In base 9, what is -16737 + 1?
-16736
In base 5, what is -2 + 314?
312
In base 8, what is -1032 - 5?
-1037
In base 14, what is 40 - 165?
-125
In base 13, what is 2 - 12?
-10
In base 7, what is -366 - 3?
-402
In base 8, what is -5 + -10526?
-10533
In base 14, what is 3 - -82?
85
In base 12, what is -62 - 108?
-16a
In base 3, what is 1211 - 200021?
-121110
In base 12, what is 340 - 2?
33a
In base 7, what is -10 - -336?
326
In base 10, what is 59 + 3?
62
In base 12, what is 58 - 4?
54
In base 3, what is 1120 - -21?
1211
In base 14, what is 137a + -1?
1379
In base 13, what is -3 - -9?
6
In base 3, what is 0 + -10101?
-10101
In base 3, what is -11 + -1122012?
-1122100
In base 2, what is -1110 + 10000101?
1110111
In base 6, what is 55 - -224?
323
In base 5, what is 22 + -4?
13
In base 4, what is 1 + 2313?
2320
In base 3, what is 12 + 10212?
11001
In base 15, what is 2 + 7?
9
In base 14, what is -844 + 3?
-841
In base 2, what is -1000101 - 10?
-1000111
In base 2, what is -110101 + 100011?
-10010
In base 11, what is 4 - 533a?
-5336
In base 9, what is -30 - -56?
26
In base 13, what is -6 + -5a?
-63
In base 16, what is -54a + 13?
-537
In base 2, what is -10011 - -10101?
10
In base 7, what is -230 - -2?
-225
In base 8, what is 31605 - 5?
31600
In base 11, what is -3 + 159?
156
In base 11, what is 6 - -1?
7
In base 15, what is b1 + -80?
31
In base 11, what is 1133 - -8?
1140
In base 7, what is 5 + 12262?
12300
In base 5, what is 12 - -303?
320
In base 5, what is -130 + 4?
-121
In base 7, what is 2320 - 0?
2320
In base 15, what is 3 + 4?
7
In base 6, what is 1202 - 0?
1202
In base 5, what is 4102 - 10?
4042
In base 7, what is 4 - 30543?
-30536
In base 12, what is 159 + -1?
158
In base 2, what is -111 - 1001010010?
-1001011001
In base 8, what is 4 + 146?
152
In base 11, what is 32 - 2?
30
In base 5, what is 23101 - -3?
23104
In base 8, what is -12 - -661?
647
In base 2, what is 100010 + 100?
100110
In base 6, what is 10 + 100?
110
In base 7, what is 261 - 2?
256
In base 2, what is -110 - -1000101101?
1000100111
In base 3, what is 1 - -101012?
101020
In base 5, what is 342 - -3?
400
In base 7, what is 121605 - -2?
121610
In base 7, what is 5 - -3106?
3114
In base 15, what is -4 - -d?
9
In base 4, what is 10201 + 3?
10210
In base 7, what is -1203 - 5?
-1211
In base 15, what is 2 - 41?
-3e
In base 4, what is -1301 - -11?
-1230
In base 11, what is -9 - -110?
102
In base 16, what is -4 + a?
6
In base 7, what is 2 + -1201?
-1166
In base 15, what is 34 + -2?
32
In base 7, what is 4200 - 12?
4155
In base 15, what is -16 - -8?
-d
In base 9, what is -1 + -164?
-165
In base 4, what is 320 + -233?
21
In base 8, what is 17 - -5?
24
In base 13, what is -3 + -297?
-29a
In ba